{"id":34,"date":"2015-07-20T10:24:13","date_gmt":"2015-07-20T10:24:13","guid":{"rendered":"http:\/\/demo.themegrill.com\/himalayas\/?page_id=34"},"modified":"2023-09-27T10:04:54","modified_gmt":"2023-09-27T10:04:54","slug":"radiant-design","status":"publish","type":"page","link":"https:\/\/fjtorres.com\/index.php\/radiant-design\/","title":{"rendered":"Producci\u00f3n Musical"},"content":{"rendered":"<p>Especialista en producci\u00f3n musical para gran formato (orquestas, coros y bandas), Francisco Javier Torres Sim\u00f3n ha realizado numerosas producciones centradas principalmente en el campo del flamenco, el jazz y la m\u00fasica cl\u00e1sica.<\/p>\n\n\n<figure class=\"wp-block-gallery has-nested-images columns-default is-cropped wp-block-gallery-1 is-layout-flex wp-block-gallery-is-layout-flex\">\n<figure class=\"wp-block-image size-large\"><img loading=\"lazy\" decoding=\"async\" width=\"600\" height=\"600\" data-id=\"458\" src=\"http:\/\/fjtorres.com\/wp-content\/uploads\/2023\/09\/600x600bf-60-1.jpg\" alt=\"\" class=\"wp-image-458\" srcset=\"https:\/\/fjtorres.com\/wp-content\/uploads\/2023\/09\/600x600bf-60-1.jpg 600w, https:\/\/fjtorres.com\/wp-content\/uploads\/2023\/09\/600x600bf-60-1-300x300.jpg 300w, https:\/\/fjtorres.com\/wp-content\/uploads\/2023\/09\/600x600bf-60-1-150x150.jpg 150w, https:\/\/fjtorres.com\/wp-content\/uploads\/2023\/09\/600x600bf-60-1-50x50.jpg 50w\" sizes=\"auto, (max-width: 600px) 100vw, 600px\" \/><\/figure>\n\n\n\n<figure class=\"wp-block-image size-large\"><img loading=\"lazy\" decoding=\"async\" width=\"500\" height=\"500\" data-id=\"460\" src=\"http:\/\/fjtorres.com\/wp-content\/uploads\/2023\/09\/2692ed9f433a4b23b13e07ac6a6798ea_c5_500x500.jpg\" alt=\"\" class=\"wp-image-460\" srcset=\"https:\/\/fjtorres.com\/wp-content\/uploads\/2023\/09\/2692ed9f433a4b23b13e07ac6a6798ea_c5_500x500.jpg 500w, https:\/\/fjtorres.com\/wp-content\/uploads\/2023\/09\/2692ed9f433a4b23b13e07ac6a6798ea_c5_500x500-300x300.jpg 300w, https:\/\/fjtorres.com\/wp-content\/uploads\/2023\/09\/2692ed9f433a4b23b13e07ac6a6798ea_c5_500x500-150x150.jpg 150w, https:\/\/fjtorres.com\/wp-content\/uploads\/2023\/09\/2692ed9f433a4b23b13e07ac6a6798ea_c5_500x500-50x50.jpg 50w\" sizes=\"auto, (max-width: 500px) 100vw, 500px\" \/><\/figure>\n\n\n\n<figure class=\"wp-block-image size-large\"><img loading=\"lazy\" decoding=\"async\" width=\"1015\" height=\"1024\" data-id=\"462\" src=\"http:\/\/fjtorres.com\/wp-content\/uploads\/2023\/09\/expoflamenco-paco-escobar-cd-a-contratiempo-1015x1024.jpg\" alt=\"\" class=\"wp-image-462\" srcset=\"https:\/\/fjtorres.com\/wp-content\/uploads\/2023\/09\/expoflamenco-paco-escobar-cd-a-contratiempo-1015x1024.jpg 1015w, https:\/\/fjtorres.com\/wp-content\/uploads\/2023\/09\/expoflamenco-paco-escobar-cd-a-contratiempo-297x300.jpg 297w, https:\/\/fjtorres.com\/wp-content\/uploads\/2023\/09\/expoflamenco-paco-escobar-cd-a-contratiempo-150x150.jpg 150w, https:\/\/fjtorres.com\/wp-content\/uploads\/2023\/09\/expoflamenco-paco-escobar-cd-a-contratiempo-768x775.jpg 768w, https:\/\/fjtorres.com\/wp-content\/uploads\/2023\/09\/expoflamenco-paco-escobar-cd-a-contratiempo-50x50.jpg 50w, https:\/\/fjtorres.com\/wp-content\/uploads\/2023\/09\/expoflamenco-paco-escobar-cd-a-contratiempo.jpg 1289w\" sizes=\"auto, (max-width: 1015px) 100vw, 1015px\" \/><\/figure>\n\n\n\n<figure class=\"wp-block-image size-large\"><img loading=\"lazy\" decoding=\"async\" width=\"1024\" height=\"1024\" data-id=\"463\" src=\"http:\/\/fjtorres.com\/wp-content\/uploads\/2023\/09\/Libreto-1-1-1024x1024.jpeg\" alt=\"\" class=\"wp-image-463\" srcset=\"https:\/\/fjtorres.com\/wp-content\/uploads\/2023\/09\/Libreto-1-1-1024x1024.jpeg 1024w, https:\/\/fjtorres.com\/wp-content\/uploads\/2023\/09\/Libreto-1-1-300x300.jpeg 300w, https:\/\/fjtorres.com\/wp-content\/uploads\/2023\/09\/Libreto-1-1-150x150.jpeg 150w, https:\/\/fjtorres.com\/wp-content\/uploads\/2023\/09\/Libreto-1-1-768x768.jpeg 768w, https:\/\/fjtorres.com\/wp-content\/uploads\/2023\/09\/Libreto-1-1-640x640.jpeg 640w, https:\/\/fjtorres.com\/wp-content\/uploads\/2023\/09\/Libreto-1-1-50x50.jpeg 50w, https:\/\/fjtorres.com\/wp-content\/uploads\/2023\/09\/Libreto-1-1.jpeg 1488w\" sizes=\"auto, (max-width: 1024px) 100vw, 1024px\" \/><\/figure>\n\n\n\n<figure class=\"wp-block-image size-large\"><img loading=\"lazy\" decoding=\"async\" width=\"300\" height=\"300\" data-id=\"459\" src=\"http:\/\/fjtorres.com\/wp-content\/uploads\/2023\/09\/music-for-tv.jpg\" alt=\"\" class=\"wp-image-459\" srcset=\"https:\/\/fjtorres.com\/wp-content\/uploads\/2023\/09\/music-for-tv.jpg 300w, https:\/\/fjtorres.com\/wp-content\/uploads\/2023\/09\/music-for-tv-150x150.jpg 150w, https:\/\/fjtorres.com\/wp-content\/uploads\/2023\/09\/music-for-tv-50x50.jpg 50w\" sizes=\"auto, (max-width: 300px) 100vw, 300px\" \/><\/figure>\n\n\n\n<figure class=\"wp-block-image size-large\"><img loading=\"lazy\" decoding=\"async\" width=\"440\" height=\"410\" data-id=\"461\" src=\"http:\/\/fjtorres.com\/wp-content\/uploads\/2023\/09\/Semana-santa-Jazz-1.jpg\" alt=\"\" class=\"wp-image-461\" srcset=\"https:\/\/fjtorres.com\/wp-content\/uploads\/2023\/09\/Semana-santa-Jazz-1.jpg 440w, https:\/\/fjtorres.com\/wp-content\/uploads\/2023\/09\/Semana-santa-Jazz-1-300x280.jpg 300w\" sizes=\"auto, (max-width: 440px) 100vw, 440px\" \/><\/figure>\n<\/figure>\n","protected":false},"excerpt":{"rendered":"<p>Especialista en producci\u00f3n musical para gran formato (orquestas, coros y bandas), Francisco Javier Torres Sim\u00f3n ha realizado numerosas producciones centradas principalmente en el campo del<\/p>\n","protected":false},"author":1,"featured_media":388,"parent":0,"menu_order":0,"comment_status":"closed","ping_status":"open","template":"page-templates\/template-services.php","meta":{"footnotes":""},"class_list":["post-34","page","type-page","status-publish","has-post-thumbnail","hentry"],"_links":{"self":[{"href":"https:\/\/fjtorres.com\/index.php\/wp-json\/wp\/v2\/pages\/34","targetHints":{"allow":["GET"]}}],"collection":[{"href":"https:\/\/fjtorres.com\/index.php\/wp-json\/wp\/v2\/pages"}],"about":[{"href":"https:\/\/fjtorres.com\/index.php\/wp-json\/wp\/v2\/types\/page"}],"author":[{"embeddable":true,"href":"https:\/\/fjtorres.com\/index.php\/wp-json\/wp\/v2\/users\/1"}],"replies":[{"embeddable":true,"href":"https:\/\/fjtorres.com\/index.php\/wp-json\/wp\/v2\/comments?post=34"}],"version-history":[{"count":4,"href":"https:\/\/fjtorres.com\/index.php\/wp-json\/wp\/v2\/pages\/34\/revisions"}],"predecessor-version":[{"id":507,"href":"https:\/\/fjtorres.com\/index.php\/wp-json\/wp\/v2\/pages\/34\/revisions\/507"}],"wp:featuredmedia":[{"embeddable":true,"href":"https:\/\/fjtorres.com\/index.php\/wp-json\/wp\/v2\/media\/388"}],"wp:attachment":[{"href":"https:\/\/fjtorres.com\/index.php\/wp-json\/wp\/v2\/media?parent=34"}],"curies":[{"name":"wp","href":"https:\/\/api.w.org\/{rel}","templated":true}]}}

Producción Musical

<p>Especialista en producción musical para gran formato (orquestas, coros y bandas), Francisco Javier Torres Simón ha realizado numerosas producciones centradas principalmente en el campo del flamenco, el jazz y la música clásica.</p>


<figure class="wp-block-gallery has-nested-images columns-default is-cropped wp-block-gallery-1 is-layout-flex wp-block-gallery-is-layout-flex">
<figure class="wp-block-image size-large"><img loading="lazy" decoding="async" width="600" height="600" data-id="458" src="http://fjtorres.com/wp-content/uploads/2023/09/600x600bf-60-1.jpg" alt="" class="wp-image-458" srcset="https://fjtorres.com/wp-content/uploads/2023/09/600x600bf-60-1.jpg 600w, https://fjtorres.com/wp-content/uploads/2023/09/600x600bf-60-1-300x300.jpg 300w, https://fjtorres.com/wp-content/uploads/2023/09/600x600bf-60-1-150x150.jpg 150w, https://fjtorres.com/wp-content/uploads/2023/09/600x600bf-60-1-50x50.jpg 50w" sizes="auto, (max-width: 600px) 100vw, 600px" /></figure>



<figure class="wp-block-image size-large"><img loading="lazy" decoding="async" width="500" height="500" data-id="460" src="http://fjtorres.com/wp-content/uploads/2023/09/2692ed9f433a4b23b13e07ac6a6798ea_c5_500x500.jpg" alt="" class="wp-image-460" srcset="https://fjtorres.com/wp-content/uploads/2023/09/2692ed9f433a4b23b13e07ac6a6798ea_c5_500x500.jpg 500w, https://fjtorres.com/wp-content/uploads/2023/09/2692ed9f433a4b23b13e07ac6a6798ea_c5_500x500-300x300.jpg 300w, https://fjtorres.com/wp-content/uploads/2023/09/2692ed9f433a4b23b13e07ac6a6798ea_c5_500x500-150x150.jpg 150w, https://fjtorres.com/wp-content/uploads/2023/09/2692ed9f433a4b23b13e07ac6a6798ea_c5_500x500-50x50.jpg 50w" sizes="auto, (max-width: 500px) 100vw, 500px" /></figure>



<figure class="wp-block-image size-large"><img loading="lazy" decoding="async" width="1015" height="1024" data-id="462" src="http://fjtorres.com/wp-content/uploads/2023/09/expoflamenco-paco-escobar-cd-a-contratiempo-1015x1024.jpg" alt="" class="wp-image-462" srcset="https://fjtorres.com/wp-content/uploads/2023/09/expoflamenco-paco-escobar-cd-a-contratiempo-1015x1024.jpg 1015w, https://fjtorres.com/wp-content/uploads/2023/09/expoflamenco-paco-escobar-cd-a-contratiempo-297x300.jpg 297w, https://fjtorres.com/wp-content/uploads/2023/09/expoflamenco-paco-escobar-cd-a-contratiempo-150x150.jpg 150w, https://fjtorres.com/wp-content/uploads/2023/09/expoflamenco-paco-escobar-cd-a-contratiempo-768x775.jpg 768w, https://fjtorres.com/wp-content/uploads/2023/09/expoflamenco-paco-escobar-cd-a-contratiempo-50x50.jpg 50w, https://fjtorres.com/wp-content/uploads/2023/09/expoflamenco-paco-escobar-cd-a-contratiempo.jpg 1289w" sizes="auto, (max-width: 1015px) 100vw, 1015px" /></figure>



<figure class="wp-block-image size-large"><img loading="lazy" decoding="async" width="1024" height="1024" data-id="463" src="http://fjtorres.com/wp-content/uploads/2023/09/Libreto-1-1-1024x1024.jpeg" alt="" class="wp-image-463" srcset="https://fjtorres.com/wp-content/uploads/2023/09/Libreto-1-1-1024x1024.jpeg 1024w, https://fjtorres.com/wp-content/uploads/2023/09/Libreto-1-1-300x300.jpeg 300w, https://fjtorres.com/wp-content/uploads/2023/09/Libreto-1-1-150x150.jpeg 150w, https://fjtorres.com/wp-content/uploads/2023/09/Libreto-1-1-768x768.jpeg 768w, https://fjtorres.com/wp-content/uploads/2023/09/Libreto-1-1-640x640.jpeg 640w, https://fjtorres.com/wp-content/uploads/2023/09/Libreto-1-1-50x50.jpeg 50w, https://fjtorres.com/wp-content/uploads/2023/09/Libreto-1-1.jpeg 1488w" sizes="auto, (max-width: 1024px) 100vw, 1024px" /></figure>



<figure class="wp-block-image size-large"><img loading="lazy" decoding="async" width="300" height="300" data-id="459" src="http://fjtorres.com/wp-content/uploads/2023/09/music-for-tv.jpg" alt="" class="wp-image-459" srcset="https://fjtorres.com/wp-content/uploads/2023/09/music-for-tv.jpg 300w, https://fjtorres.com/wp-content/uploads/2023/09/music-for-tv-150x150.jpg 150w, https://fjtorres.com/wp-content/uploads/2023/09/music-for-tv-50x50.jpg 50w" sizes="auto, (max-width: 300px) 100vw, 300px" /></figure>



<figure class="wp-block-image size-large"><img loading="lazy" decoding="async" width="440" height="410" data-id="461" src="http://fjtorres.com/wp-content/uploads/2023/09/Semana-santa-Jazz-1.jpg" alt="" class="wp-image-461" srcset="https://fjtorres.com/wp-content/uploads/2023/09/Semana-santa-Jazz-1.jpg 440w, https://fjtorres.com/wp-content/uploads/2023/09/Semana-santa-Jazz-1-300x280.jpg 300w" sizes="auto, (max-width: 440px) 100vw, 440px" /></figure>
</figure>

<p>Especialista en producción musical para gran formato (orquestas, coros y bandas), Francisco Javier Torres Simón ha realizado numerosas producciones centradas principalmente en el campo del</p>
